{"id":207,"date":"2015-11-13T20:52:53","date_gmt":"2015-11-13T19:52:53","guid":{"rendered":"http:\/\/www.ff-grossotten.at\/?page_id=207"},"modified":"2021-01-01T11:29:21","modified_gmt":"2021-01-01T10:29:21","slug":"feuerwehrhaus","status":"publish","type":"page","link":"https:\/\/www.ff-grossotten.at\/?page_id=207","title":{"rendered":"Feuerwehrhaus"},"content":{"rendered":"<p>Im Jahr 2010 konnte, anl\u00e4sslich des 100-j\u00e4hrigen Bestandsjubil\u00e4ums, das neue Feuerwehrhaus feierlich er\u00f6ffnet werden.<\/p>\n<p><a href=\"https:\/\/www.ff-grossotten.at\/wp-content\/uploads\/2015\/11\/neues-Feuerwehrhaus-2010-1-e1447614628921.jpg\"><img loading=\"lazy\" decoding=\"async\" class=\"alignleft wp-image-304 size-medium\" title=\"Bild: Feuerwehrhaus\" src=\"https:\/\/www.ff-grossotten.at\/wp-content\/uploads\/2015\/11\/neues-Feuerwehrhaus-2010-1-300x213.jpg\" alt=\"neues Feuerwehrhaus 1\" width=\"300\" height=\"213\" \/><\/a><\/p>\n<p>Grunds\u00e4tzlich wurde bei der Planung des Geb\u00e4udes ein Fokus auf die Energieeffizienz gelegt. Aus diesem Grund wurde das neue Feuerwehrhaus in Passivhausbauweise konzipiert.<\/p>\n<p>Im\u00a0unten liegenden Teil des Geb\u00e4udes sind die Fahrzeughalle, Mannschafts- und Dienstr\u00e4ume untergebracht. Dar\u00fcber wurde ein Feststadl errichtet.<\/p>\n<p>&nbsp;<\/p>\n<p>&nbsp;<\/p>\n","protected":false},"excerpt":{"rendered":"<p>Im Jahr 2010 konnte, anl\u00e4sslich des 100-j\u00e4hrigen Bestandsjubil\u00e4ums, das neue Feuerwehrhaus feierlich er\u00f6ffnet werden. Grunds\u00e4tzlich wurde bei der Planung des Geb\u00e4udes ein Fokus auf die Energieeffizienz gelegt. Aus diesem Grund <a href=\"https:\/\/www.ff-grossotten.at\/?page_id=207\" class=\"more-link\">[&hellip;]<\/a><\/p>\n","protected":false},"author":1,"featured_media":0,"parent":0,"menu_order":0,"comment_status":"closed","ping_status":"closed","template":"","meta":{"sfsi_plus_gutenberg_text_before_share":"","sfsi_plus_gutenberg_show_text_before_share":"","sfsi_plus_gutenberg_icon_type":"","sfsi_plus_gutenberg_icon_alignemt":"","sfsi_plus_gutenburg_max_per_row":"","Layout":"1c","footnotes":""},"class_list":["entry","author-admin_ffgr-otten","post-207","page","type-page","status-publish"],"_links":{"self":[{"href":"https:\/\/www.ff-grossotten.at\/index.php?rest_route=\/wp\/v2\/pages\/207","targetHints":{"allow":["GET"]}}],"collection":[{"href":"https:\/\/www.ff-grossotten.at\/index.php?rest_route=\/wp\/v2\/pages"}],"about":[{"href":"https:\/\/www.ff-grossotten.at\/index.php?rest_route=\/wp\/v2\/types\/page"}],"author":[{"embeddable":true,"href":"https:\/\/www.ff-grossotten.at\/index.php?rest_route=\/wp\/v2\/users\/1"}],"replies":[{"embeddable":true,"href":"https:\/\/www.ff-grossotten.at\/index.php?rest_route=%2Fwp%2Fv2%2Fcomments&post=207"}],"version-history":[{"count":9,"href":"https:\/\/www.ff-grossotten.at\/index.php?rest_route=\/wp\/v2\/pages\/207\/revisions"}],"predecessor-version":[{"id":311,"href":"https:\/\/www.ff-grossotten.at\/index.php?rest_route=\/wp\/v2\/pages\/207\/revisions\/311"}],"wp:attachment":[{"href":"https:\/\/www.ff-grossotten.at\/index.php?rest_route=%2Fwp%2Fv2%2Fmedia&parent=207"}],"curies":[{"name":"wp","href":"https:\/\/api.w.org\/{rel}","templated":true}]}}

<p>Im Jahr 2010 konnte, anlässlich des 100-jährigen Bestandsjubiläums, das neue Feuerwehrhaus feierlich eröffnet werden.</p>
<p><a href="https://www.ff-grossotten.at/wp-content/uploads/2015/11/neues-Feuerwehrhaus-2010-1-e1447614628921.jpg"><img loading="lazy" decoding="async" class="alignleft wp-image-304 size-medium" title="Bild: Feuerwehrhaus" src="https://www.ff-grossotten.at/wp-content/uploads/2015/11/neues-Feuerwehrhaus-2010-1-300x213.jpg" alt="neues Feuerwehrhaus 1" width="300" height="213" /></a></p>
<p>Grundsätzlich wurde bei der Planung des Gebäudes ein Fokus auf die Energieeffizienz gelegt. Aus diesem Grund wurde das neue Feuerwehrhaus in Passivhausbauweise konzipiert.</p>
<p>Im unten liegenden Teil des Gebäudes sind die Fahrzeughalle, Mannschafts- und Diensträume untergebracht. Darüber wurde ein Feststadl errichtet.</p>
<p>&nbsp;</p>
<p>&nbsp;</p>

<p>Im Jahr 2010 konnte, anlässlich des 100-jährigen Bestandsjubiläums, das neue Feuerwehrhaus feierlich eröffnet werden. Grundsätzlich wurde bei der Planung des Gebäudes ein Fokus auf die Energieeffizienz gelegt. Aus diesem Grund <a href="https://www.ff-grossotten.at/?page_id=207" class="more-link">[&hellip;]</a></p>
